 be r(i). What is the units digit of 0 + (-2)/(-3) - t/6?
4
Suppose 8*j = 6 + 2. What is the thousands digit of (1 + j)*9149/14?
1
Let d = 26036 + -17919. What is the hundreds digit of d?
1
Let h(d) = 2*d**2 + 9*d - 9. Let o be ((-8)/(-5)*-1)/(2/10). Let u be h(o). Suppose u - 209 = -2*w. What is the units digit of w?
1
Suppose -3*l - 5*d + 30 = 0, d + 15 = -2*l + 42. Let r = 198 - l. What is the tens digit of r?
8
Suppose 2138 = 4*l + 4*p - 438, -1944 = -3*l + p. Let f = 1471 - l. What is the units digit of f?
4
Suppose -n - 5*g + 21450 = -2*g, 2*n - 42909 = 3*g. What is the ten thousands digit of n?
2
Let q = 317 + -312. Suppose -4*v - q*v + 6642 = 0. What is the tens digit of v?
3
Let o(n) = n**3 + 23*n**2 - 22*n - 39. Let k be o(-21). Let c = k + -877. Suppose 0 = -2*l + c + 150. What is the tens digit of l?
8
Let b be (-48)/(-18) - (-1)/3. Suppose 3 + 3 = -2*p, 0 = 2*m + 3*p + 5. Suppose m*j + 0*j = 3*a + 136, -5*j + 361 = b*a. What is the units digit of j?
1
Suppose -6*v + 39 - 3 = 0. Suppose -4440 = v*h + 6*h. Let w = h - -520. What is the tens digit of w?
5
Let t be 2/8*1 + (-486)/(-72). Suppose -t*j + 1326 = 6*j. What is the tens digit of j?
0
Suppose x = -2*n + 7, -7*n - 5*x - 4 = -10*n. Suppose -n*i + 4*q + 69 = 7*q, 0 = -5*i + q + 127. What is the units digit of i?
5
Let n(i) = -i**3 + 25*i**2 + 22*i + 8. Let r = 83 + -57. Let w be n(r). Let f = -86 - w. What is the tens digit of f?
1
Let w(x) = -7*x - 18 + 146*x**2 - 147*x**2 - 2*x. Let h be w(-5). Suppose -c = 2*m - 96, -c + 472 = 4*c + h*m. What is the tens digit of c?
9
Let t(n) = n**2 - 7*n + 3. Let c be t(6). Let d(a) = a**2 + 42*a + 94. Let q be d(-32). What is the tens digit of q/c + (-18)/(-27)?
7
Suppose 1336*r - 1338*r = -34224. What is the ten thousands digit of r?
1
Suppose -2*u + 983 + 1947 = 0. Suppose -13*c = -8*c - u. Suppose -4*j + 2*b + c = -b, 3*b = -j + 92. What is the tens digit of j?
7
Suppose -10 = 5*j - 10. What is the hundreds digit of 1540/4 - (j + 3)?
3
Suppose 147*k - 64369 = 144*k + 4*z, 3*k - 64374 = 3*z. What is the tens digit of k?
6
Let b be 3 - (228/(-108) + 2/18). Suppose 725 = 9*c - b*c + 3*u, 5*c - 889 = 2*u. What is the tens digit of c?
7
Let f be (-3)/(-2)*(-136)/(-6). Let m(q) = -58*q - 723. Let h be m(-13). Suppose 357 = f*v - h*v. What is the units digit of v?
9
Let p(i) = i**2 - i. Let x(v) = -5*v**2 - 8*v + 25. Let u(o) = -6*p(o) - x(o). Let d be u(11). What is the units digit of 407/2 - ((-52)/d - -5)?
5
Suppose 5*m - 306 = 2*m. Let q = -29 + m. Let h = 138 - q. What is the units digit of h?
5
Suppose -2*h = -3*s, 0*h + 3*s = -3*h. Suppose h*c = -18*c + 3564. What is the tens digit of c?
9
Suppose 78220 = 5*n - 3*t - 18429, 2*n + 4*t = 38618. What is the hundreds digit of n?
3
Let k = 332 - 323. What is the units digit of 2/k - (-712)/36?
0
Suppose -14*u = -8*u - 126. Suppose 3*i + 906 = 3*c, u*c - 18*c + 5*i = 938. What is the tens digit of c?
0
Let g = 1081 + -726. Suppose -2*u + 6*u = 3*i - 615, 5*u = 4*i - 768. Let c = g + u. What is the tens digit of c?
9
Let c = -50 - -45. Let b(o) = -o**3 - 3*o**2 + 13*o + 21. Let x be b(c). Suppose x*z = 8*z - 458. What is the units digit of z?
9
Let u = 390 + -344. What is the units digit of (-35)/(-2) - 23/u?
7
Suppose 160 = 17*p - 231. Suppose s + s = 2*q + 6, 4*q = 5*s - 20. Let r = s + p. What is the units digit of r?
1
What is the units digit of 4769425/426 + (-2)/(-12)?
6
Suppose -10*x = 5*v - 18*x - 99363, -2*v = 4*x - 39774. What is the hundreds digit of v?
8
Let l = -25 - -37. Let x be (12 - l)*((-1)/2)/1. Suppose x = -6*o + 3*o + 219. What is the tens digit of o?
7
Let y(x) = -3*x**2 + x + 8. Let m be ((20/3)/(-2))/(58/(-87)). Let u(b) = -4*b**2 + 8. Let r(v) = m*y(v) - 4*u(v). What is the units digit of r(0)?
8
Let x(k) = -k**3 + 2*k**2 + k + 1. Let n(t) = 5*t**3 + 11*t**2 + 7*t - 5. Let d(v) = -n(v) - 4*x(v). What is the tens digit of d(-19)?
1
What is the hundreds digit of (-11 - (-24 + 14)) + (-114420)/(-3)?
1
Let y = 43 + -46. Let f(a) = -47*a - 9. Let w be f(y). Let m = -79 + w. What is the units digit of m?
3
Let n = 35 - 28. Suppose -3*v - o = -13, -v = 3*o - 0 - 7. Suppose -r + v = -n. What is the tens digit of r?
1
Suppose -4 = -2*b, 8 = -z - 5*b - 3. What is the hundreds digit of (-3)/(z/308)*16?
7
Suppose 3*b + 4*b - 35 = 0. Suppose b*m = -8*m + 5096. What is the hundreds digit of m?
3
Let t be (-339)/(-15) + 7/5. Suppose 4*s - 2*d - 176 = 0, -t = -3*s + 2*d + 108. What is the tens digit of s?
4
Suppose -29*s + 39*s = 44*s - 111350. What is the tens digit of s?
7
Let n(z) = -25 + 16*z**2 + 10*z**2 + 28 - 101*z. What is the units digit of n(4)?
5
Let u be 3/((-3)/4)*6/(-12). Suppose -3*b + u = -13. Suppose -s - 164 = -b*s. What is the units digit of s?
1
Let j(s) = -s**3 - 14*s**2 - 12*s + 12. Let k be j(-13). Let h = k - 5. Let o(z) = 2*z**3 + 13*z**2 - 4*z - 2. What is the units digit of o(h)?
8
Let s = 645 + -1089. Let y = s + 982. What is the tens digit of y?
3
Suppose 0 = -23*m + 56*m - 10*m - 662607. What is the ten thousands digit of m?
2
Suppose 17 - 9 = 2*r. Suppose 7*a - r*a - 45 = 0. Let v(x) = -2*x**2 + 36*x - 16. What is the tens digit of v(a)?
7
Let j(o) = o**3 + 27*o**2 - 30*o - 59. Let z be j(-28). What is the tens digit of ((-4)/(-6)*z)/((-8)/1728)?
3
Suppose 0 = u + 3*x - 76909, 61104 = u - 2*x - 15795. What is the units digit of u?
3
Let y(a) be the third derivative of a**4/6 + 42*a**2 + a. What is the units digit of y(6)?
4
Suppose 154*w + 3008411 = 250*w - 1224613. What is the tens digit of w?
9
What is the hundreds digit of 69882/8*(-9)/(108/(-16))?
6
Let n(x) = 2*x**3 + 30*x**2 - 154*x + 11. What is the thousands digit of n(10)?
3
Let x(a) = 9*a + 510. Let c(o) = 7*o + 509. Let y(j) = 4*c(j) - 3*x(j). What is the hundreds digit of y(0)?
5
Suppose -2*t = 1929 - 7157. Suppose -12*g + 1598 = -t. What is the units digit of g?
1
Let s = -36 + 6. Let y = s + 33. Suppose 164 = -2*b + 3*b - y*i, 830 = 5*b - 5*i. What is the hundreds digit of b?
1
Suppose 3*k - 8*k + 50 = 0. Let a be k/(1 + (-2 - -3)). Suppose 2*n = u - 6*u + 300, n + 285 = a*u. What is the units digit of u?
8
Suppose 4*d = 232*f - 236*f + 25492, 6367 = f - d. What is the hundreds digit of f?
3
Suppose -2024640 = 445*s - 482*s. What is the ten thousands digit of s?
5
Suppose -6*s + 8*s - 48618 = -7*s. What is the tens digit of s?
0
What is the hundreds digit of 123195/10*8/12?
2
Suppose -52 = -8*y - 36, 0 = -4*r - y + 9674. What is the hundreds digit of r?
4
Let i = 21717 - -29813. What is the tens digit of i?
3
Let q(r) = 63*r - 5. Let l be (-6)/((-36)/21)*12/21. Suppose 0 = a + 3*d + 2*d - 28, -3*a + l*d = 1. What is the units digit of q(a)?
4
What is the units digit of (-17 + 16)/(26382/5277 - 5)?
9
What is the hundreds digit of (48/15)/((-6)/10*(-32)/26256)?
3
Suppose -3427 = 16*k - 12931. What is the tens digit of k?
9
Let u(i) = 59*i + 3. Suppose -5*y = -0*y + 35. Let z(l) = 2*l**2 + 12*l - 13. Let k be z(y). What is the units digit of u(k)?
2
Let w = -19472 + 33313. What is the ten thousands digit of w?
1
Suppose m = 4*m - 3. Let s(p) = -30*p**2 - 4*p - 3. Let n be s(3). What is the hundreds digit of (-1 - 8/m)/(19/n)?
1
Let a(b) = 6*b**2 - 27*b - 295. What is the units digit of a(-10)?
5
Let r(f) = -65*f + 203. Let x be r(-13). Suppose 5*z - x = -3*n, -18*z = 5*n - 19*z - 1756. What is the hundreds digit of n?
3
Suppose 3*c - 42 = -3*g, -5*g + 4*c = 8*c - 75. What is the tens digit of (-238)/(-3)*(22 - g)?
3
Let y = 218 + -222. What is the units digit of (-66)/(-33)*(-922)/y?
1
Let d be (0 + -1)*-4*(-2748)/(-8). Suppose -d - 99 = -3*j. What is the tens digit of j?
9
Suppose -39315 = -20*k - 8075. What is the hundreds digit of k?
5
Let s be 9932/(-5) + 26/65. Let p = -1249 - s. What is the tens digit of p?
3
Suppose -13*j - 58*j + 477555 = 22*j. What is the tens digit of j?
3
Suppose -846 = 9*v + 144. Let y be 7/(-1)*(3 + -2). Let x = y - v. What is the units digit of x?
3
Let r(p) = -p**2 - 16*p + 25. Let w be r(-17). Let s(u) = -4*u**3 + 5*u**3 + u + u - 3*u**2 - 5*u**2 + 13. What is the units digit of s(w)?
9
Let y(r) = 4*r**3 + 3*r**2 + 2*r - 4. Let b be y(1). Let v(p) = 279*p - 6. What is the hundreds digit of v(b)?
3
Let t(d) = -106*d + 28. Let i be -7 + -2 + (-2 - -5). What 